s of 386142164.
2, 89, 1084669
List the prime factors of 83784599.
31, 83, 32563
List the prime factors of 34830699.
3, 53, 439, 499
List the prime factors of 1712081700.
2, 3, 5, 7, 29, 9371
What are the prime factors of 216938513?
11, 17, 179, 6481
What are the prime factors of 555201867?
3, 11, 16824299
List the prime factors of 1687306583.
1687306583
List the prime factors of 106488749.
19, 109, 51419
What are the prime factors of 6879533278?
2, 43, 227, 352399
What are the prime factors of 100811008?
2, 31, 12703
What are the prime factors of 78618224?
2, 4913639
What are the prime factors of 2497915807?
19, 3581, 36713
What are the prime factors of 398742422?
2, 13, 113, 135719
What are the prime factors of 25986406?
2, 3307, 3929
What are the prime factors of 68382002?
2, 13, 2630077
